63 - -19387. What is the tens digit of q?
2
Suppose 2 = 5*i + 2*y, -4*i + 2*y - 4 = -2*y. Suppose 0 = -r + 2*r - o + 4, i = -2*r - o + 4. Suppose r = -6*w + 8*w - 340. What is the hundreds digit of w?
1
Suppose 5*i - 725 = -5*h, -2*i + 731 = -h + 6*h. Suppose -h = -4*w - 16*f + 21*f, 0 = -4*f + 20. What is the tens digit of w?
4
Suppose 5*p - 5 = -5*m, -5*m = p - 0*p - 9. Let c be 1*43 - (9 - (-1 - -7)). Suppose 220 = 4*z + 4*i, -m*i + 99 - c = z. What is the units digit of z?
1
Suppose -2*q + 997 = -6*o + 3*o, -2*o = q - 502. Let h = -207 + q. What is the units digit of h?
3
Let g be 3 + (4/6 - 406/6). Let q = g + 151. Suppose 0 = -5*k - 25, 135 = z - 2*k - q. What is the units digit of z?
2
What is the tens digit of (2 - -1)/(159/(-265)) + (23334 - 0)?
2
Let j be -16 - (-168)/(-14)*-1. Let b = 466 + -196. What is the tens digit of 18/(-27)*b/j?
4
What is the hundreds digit of 63/(-14)*1681816/(-387)?
5
Let t(n) = -2*n**2 + 647*n + 27. What is the hundreds digit of t(38)?
7
What is the hundreds digit of (-22366 - -4)*12/216*-6?
4
Suppose 3 = 4*g + 2*u - 3, -4 = -g + 2*u. Suppose -g*i - 2*i = -8, d - 4*i - 258 = 0. What is the tens digit of d?
6
Suppose -t + 3*l - 8 = 0, -5*t - 2*l - 7 = 33. Let u be 1 + -3 + 23 + -32. What is the tens digit of ((-1)/(3/u))/(t/(-24))?
1
Let l be (-6)/(-14) - 675/(-189). Suppose 318 = -3*r + 3*c, -l*r - 3*c = 2*c + 442. What is the units digit of (1584/r)/(2*2/(-30))?
0
Suppose 0 = d - 3*c - 4734, 4*d + 382*c - 19034 = 380*c. What is the thousands digit of d?
4
Let z(s) = 2*s + 10. Let k be z(-4). Suppose -4*l + 0 + 4 = 0, -2*q = k*l - 10. Let w(b) = 12*b**2 - 5*b + 2. What is the hundreds digit of w(q)?
1
Let d(a) = -7*a + 52. Let b be d(7). Suppose 11 = 5*t + 4*r + b, -3*r = 5*t - 11. Suppose 0 = t*n + 64 - 164. What is the tens digit of n?
2
Suppose 84*f - 28597833 = 60*f - 273*f. What is the units digit of f?
9
Let m = 127 - 133. Let l be (-1*51/m)/((-3)/(-54)). Suppose 5*a = 518 - l. What is the units digit of a?
3
Suppose 16*i - 176347 = 7*i + 314. What is the ten thousands digit of i?
1
Let w = -3980 - -21480. What is the tens digit of w?
0
Suppose -28*z + 6587 = y - 23*z, 19873 = 3*y - 13*z. What is the tens digit of y?
0
Suppose -5*t = 3*m - 18, t = -0*t - 4*m + 7. Suppose -5*d - 268 = -2*n + 37, t*n - 3*d = 435. What is the tens digit of n?
4
Suppose 33*t + 1829869 = 432*t - 9917489. What is the units digit of t?
2
What is the ten thousands digit of (221/170*24324)/((-4)/(-10))?
7
Suppose 3*b - 163101 = 5*l, 2*b - 91403 = l + 17338. What is the thousands digit of b?
4
Let g(u) = -9*u - 54. Let l be g(-10). Let n be 8/l + (-11388)/(-27). Suppose 274 = 4*b + 4*p - n, b + 2*p = 173. What is the tens digit of b?
7
Let z(c) = 36*c**2 + 228*c + 11741. What is the ten thousands digit of z(-46)?
7
Suppose -p + 6 = 3*f, -2*f + 14 = p - 2*p. Let u be (1/15 + 4/(-10))*p. Suppose u*t - 4*t = -304. What is the hundreds digit of t?
1
Let w = 16860 + -15790. What is the hundreds digit of w?
0
Suppose 0 = 2*s + 6*z - 9*z - 223, 5*s + 5*z - 545 = 0. Let w = 346 - s. What is the tens digit of w?
3
Suppose 0 = -3*y + j + 1145, -j - 1774 - 133 = -5*y. Let v = y - 94. Let n = v + -176. What is the tens digit of n?
1
Suppose a + 43272 = 5*g, 4*g + 8*a - 34618 = 9*a. What is the thousands digit of g?
8
Let d(w) = -4*w + 27. Let q be d(7). Let c(n) = -360*n + 17. What is the hundreds digit of c(q)?
3
Suppose 0 = 17*i - 13*i + 19*i - 127788. What is the tens digit of i?
5
Let m = 72 - 60. Suppose o = -5*o + m. Suppose -o*r - 2*x = -r - 112, 2*r + 3*x = 221. What is the units digit of r?
6
Let r = -190 + 29064. What is the ten thousands digit of r?
2
Let a = -43 - -39. Let i(w) = -38*w - 14. Let c be i(a). Suppose 4*s = 34 + c. What is the tens digit of s?
4
Let y(l) be the first derivative of -l**3/3 + 16. Let f be y(-2). What is the units digit of f/((-48)/159) + (-5)/20?
3
Suppose 0 = 10*d - 13*d + 18. Suppose -d*u = -312 - 3198. What is the hundreds digit of u?
5
Let o be ((-12)/(-6) + -11)*(-1)/3. Let j be (9/o)/((-5)/135). Let p = j - -92. What is the tens digit of p?
1
Let x = -5285 - -5803. What is the tens digit of x?
1
Let l(r) = 665*r**2 + 8*r + 5. Let h be l(-2). Let j = h + -1744. What is the tens digit of j?
0
Let v(h) be the first derivative of 1/2*h**2 - 11/4*h**4 + h - 18 + 1/3*h**3. What is the units digit of v(-2)?
1
Let k = 38 + -20. Suppose 2*y - 7*y = -900. Let q = y - k. What is the units digit of q?
2
Let j(c) = -10*c**2 + 2*c - 211140. Let u be j(0). What is the tens digit of 4/22 + 0 + u/(-330)?
4
Suppose -12175 = -z + 2*t, 0 = -229*z + 230*z - 4*t - 12169. What is the hundreds digit of z?
1
Let v(z) be the first derivative of -5/2*z**2 - 27 + 7/3*z**3 + 3*z. What is the hundreds digit of v(5)?
1
Let s = -12673 - -30176. What is the units digit of s?
3
Suppose -4*h = 5*h - 45. Suppose -5*f - r + 2240 = 622, 1622 = h*f - r. What is the tens digit of f?
2
Suppose -j + 54 = -5*h, 0*h + 2*h = 4*j - 144. Suppose -5*o - j = -4*c + 15, 5*c + 4*o = 10. What is the hundreds digit of -2 + 288/30*80/c?
1
What is the tens digit of 24817 + 310 + 9/1?
3
Suppose 19*h + 24547 = 95291 + 110345. What is the units digit of h?
1
Suppose -2*x = -11 + 7. Let c = x - -29. Suppose -2*t + 17 = -c. What is the tens digit of t?
2
Let g = 8645 + -7371. What is the thousands digit of g?
1
Suppose 4*l - 5*l = -252. Let v = -195 - -97. Let r = l + v. What is the units digit of r?
4
Let f be (-68)/7 + (-46)/161. Let a be 2*f/15 + 1/3. What is the units digit of 201 + 0 + (a - -2)?
2
Suppose 8*b + 243 = 267. Suppose -m + 345 + 1156 = -b*j, -m - j = -1481. What is the tens digit of m?
8
Let w be 178/(-26) + 16/(-104). Let t(a) = -15*a - 58. What is the tens digit of t(w)?
4
Suppose 0*j = -2*j + 552. Let b = -989 - -832. Let n = j + b. What is the hundreds digit of n?
1
Let m(g) = -3*g**3 - 37*g**2 - 2*g - 38. What is the thousands digit of m(-16)?
2
Suppose 5*m - 55743 = -3*n + 9*m, -3*n + 5*m + 55740 = 0. What is the units digit of n?
5
Let o(n) = 7*n**2 - 2*n - 13. Suppose 7 = h + 3. Let c be o(h). What is the tens digit of 6993/c + (-4)/(-26)?
7
Suppose 24*y - 2233800 = 28*y - 184*y. What is the ten thousands digit of y?
1
Let p(s) = 12*s**2 + 18*s + 66. Let w be p(-7). Let j = w + -197. What is the units digit of j?
1
Let q(p) be the second derivative of -3*p**5/20 - 5*p**4/4 - 5*p**3/2 + 13*p**2/2 - 151*p. What is the hundreds digit of q(-10)?
6
Suppose -810015 = 266*l - 4474963. What is the thousands digit of l?
3
Suppose 0 = 30*a - 34*a - 28. Let n = a - -9. Suppose -n*q = -5*x + 439, -5*q = 6*x - x - 425. What is the tens digit of x?
8
Suppose -153*s = -146*s - 1400. What is the tens digit of s?
0
Let v be 108/9*1/(-3)*76. Let o = -149 - v. What is the tens digit of o?
5
Let a(v) = 2*v**2 - 4*v + 560. What is the tens digit of a(54)?
7
Let t = -218 - -219. What is the tens digit of ((-423)/2 + t)*(-14)/7?
2
Suppose -29*c = -936 - 47320. What is the hundreds digit of c?
6
Let g(s) = 79*s**2 - 378*s + 27. What is the tens digit of g(14)?
1
Suppose 179*f + 57*f - 5196794 = 3056126. What is the units digit of f?
0
Let q = 62 - -263. Let k = q + -122. What is the hundreds digit of k?
2
Suppose -65*s + 63*s = d - 9988, s - 5 = 0. What is the tens digit of d?
7
Let z = -292 + 635. Suppose 1097 = 3*r - z. What is the hundreds digit of r?
4
Suppose -4*t - 7*r + 2772 = -2*r, -3478 = -5*t - 3*r. Let c = t + -615. What is the units digit of c?
3
Suppose -3*c - 5 = -4*c. Suppose 14 = a - 2*g - 0*g, a - c*g = 29. Suppose 2*i - 96 = -y + 6*i, -2*y + 144 = a*i. What is the units digit of y?
0
Let u(w) = -w**2 + 3*w + 21. Suppose 48*h = 49*h - 10. Suppose -h*k - k - 33 = 0. What is the units digit of u(k)?
3
Suppose -3*a - 19 = -4*z, -a = 3*z - 8*z + 21. Let v be 135286/(-2595) - (13/15 - 1). What is the units digit of (3/z + 1443/v)*-3?
1
Let b(c) = -7*c**2 + 6*c - 19. Let n be b(8). Let v = n + 428. What is the units digit of v?
9
Suppose 8*p - 504 = -6*p. What is the units digit of (-537)/(-2)*p/27?
8
Let d(l) = -349*l - 93. Suppose -70 = 86*p - 72*p. What is the thousands digit of d(p)?
1
Let i(a) = -a + 13. Let c be i(5). Let q(f) = 6*f**2 - 18*f + 93. What is the hundreds digit of q(c)?
3
Suppose 11069 + 17036 = 5*w + 5*q, 0 = -q + 